ate the remainder when 13 is divided by 4/(-18) - 418/c.
1
Let d(c) = -149*c + 13. Let g be d(1). Let s be (4/10)/(1/515). Let w = s + g. Calculate the remainder when w is divided by 18.
16
Suppose -62 = -5*d + 3*x, x - 1 + 5 = 0. What is the remainder when (-5)/15 - 4160/(-60) is divided by d?
9
Let y(m) = m**3 + 21*m**2 - 24*m - 33. Let t = 5 - -2. Calculate the remainder when y(-22) is divided by t.
4
Calculate the remainder when 149 is divided by (55/4)/(125/100).
6
Suppose 5*s + 856 = -4*j, s - 5*j + 820 = -4*s. What is the remainder when (s/32)/((-2)/24) is divided by 11?
8
Let l = -25 + 29. Let j(h) = -6*h + 23. Calculate the remainder when j(3) is divided by l.
1
Suppose 0 = -5*r + 482 - 92. What is the remainder when r is divided by 17?
10
Suppose -3*r + 15 = -9. Let p be 6/r - 1330/(-40). Suppose 4*y = 2 + p. What is the remainder when 16 is divided by y?
7
Let q(y) = 38*y**3 + 2*y**2 - 8*y + 4. What is the remainder when q(2) is divided by 43?
42
Let n = 1050 + -994. Calculate the remainder when n is divided by ((-29)/2)/((-1)/2).
27
Suppose -q - 3*k + 113 = 0, -k - 4*k + 515 = 5*q. What is the remainder when q is divided by 25?
23
Let d = -61 + 85. Let a(o) = -o**3 + 2*o + 4. Calculate the remainder when 426/9 - (-16)/d is divided by a(-3).
23
Let p = -438 + 255. Let x = p - -348. Suppose 10*f - x = 5*f. Calculate the remainder when f is divided by 12.
9
What is the remainder when 83 is divided by (-3 - 564/(-18)) + 2/(-6)?
27
Let c = 442 + -409. Let d be 2/(((-10)/4)/5). What is the remainder when c is divided by 0/d + -1 + 13?
9
Let r = 2276 - 2034. What is the remainder when r is divided by 123?
119
Suppose -v + 5*v = -4*g + 116, 2*v + 3*g = 62. Suppose -v = -4*w - 1. Calculate the remainder when 39 is divided by w.
3
Calculate the remainder when 143 is divided by ((-20)/30)/(-5 - 553/(-111)).
32
Suppose -56 + 23 = -3*l. Suppose 4*d - 13 = l. Let y = d - 1. What is the remainder when y is divided by 2?
1
Let u(r) = r**2 + 4*r. Let x(f) be the third derivative of 7*f**5/60 - f**4/12 - f**3/3 - 7*f**2. What is the remainder when x(2) is divided by u(-6)?
10
Suppose -51*y + 13*y = -9348. What is the remainder when y is divided by 84?
78
Let g be 5/((-5)/1) + -644. What is the remainder when 58 is divided by g/(-60) - 10/(-8)?
10
Let h(y) = -y**2 + 7*y - 6. Let p = -17514 - -17522. What is the remainder when p is divided by h(5)?
0
What is the remainder when 61 is divided by (-1274)/(-117) + 3/27?
6
Suppose 19 - 28 = -3*d. Suppose -n - 13 = -d*y + 13, -18 = y + 5*n. Calculate the remainder when 20 is divided by y.
6
Calculate the remainder when 193 - ((-141)/(-188) - 1/(-4)) is divided by 40.
32
Let t = -102 + 210. Calculate the remainder when t is divided by 37.
34
Let d(l) = l**2 + 18*l - 3. Let g(j) = 1. Let w(x) = -d(x) + 3*g(x). What is the remainder when 45 is divided by w(-17)?
22
Let z(q) = -2*q. What is the remainder when ((-7)/((-42)/44)*6)/2 is divided by z(-6)?
10
Let f(w) = -8*w - 9. Let o be f(-6). Let i = -37 + o. What is the remainder when 9 is divided by i?
1
What is the remainder when 51 is divided by 40 + 2 - (0 - (-5 - -8))?
6
What is the remainder when 849 is divided by 373/(-15)*-1 - (-276)/2070?
24
Let g(u) = u**2 - 10*u - 22. What is the remainder when g(-10) is divided by 33?
13
Let l = -14 - -14. Suppose r + 3*n + 0 - 18 = l, -n + 5 = 0. Suppose 3*k = -r + 96. Calculate the remainder when 90 is divided by k.
28
Let m = 1658 - 1571. What is the remainder when m is divided by 24?
15
Let g(r) be the second derivative of -r**3/3 + 33*r**2/2 - 30*r. What is the remainder when 13 is divided by g(15)?
1
Let j = -1532 - -1550. Calculate the remainder when 158 is divided by j.
14
Suppose -33*r = -12*r - 399. Let q(k) = k - 1 + 3 + 2*k**2 - 4*k. What is the remainder when q(6) is divided by r?
18
Suppose -5*a = -4*a - 72. Let g = 119 - a. What is the remainder when g is divided by 12?
11
Let h(d) = -56*d + 147. Calculate the remainder when 117 is divided by h(2).
12
Let t(b) = -3*b**3 - 5*b**2 + 8*b + 3. What is the remainder when 39 is divided by t(-3)?
9
Let p be 4/(-16) + (-3)/4. Let s be -1*(p - 1)/(-2). What is the remainder when (s + 2)/((-2)/(-54)) is divided by 15?
12
Suppose -v + 5*v = d - 18, -5*v = 20. Suppose 0 = -5*y - 3*j - d*j + 105, -2*j - 63 = -3*y. What is the remainder when 60 is divided by y?
18
Let j(f) be the second derivative of f**4/12 + f**3/3 + 2*f. What is the remainder when 23 is divided by j(2)?
7
Suppose -3*q + 4*q = 5*r - 16, -4*q + 16 = -4*r. What is the remainder when 59 is divided by q?
5
Let m(l) = 122*l**2 + 2*l - 2. Let c be m(1). Let a = c + -18. What is the remainder when a is divided by 21?
20
Let o(g) be the third derivative of g**5/60 + g**4/4 - 3*g**3 + g**2. What is the remainder when 35 is divided by o(-9)?
8
Suppose 108*u + 20 = 112*u. Let q(f) = 5*f**2 - 8*f + 1. Suppose 0 = -5*i + 133 + 12. What is the remainder when q(u) is divided by i?
28
Suppose -f - f = -2, 5*f = 3*i - 16. Calculate the remainder when 38 is divided by i.
3
Suppose -f + 468 = 3*f. Let p be 1/4 - f/36. Let z(c) = -6*c. What is the remainder when 33 is divided by z(p)?
15
What is the remainder when 3008/96*(9 - -3) is divided by 52?
12
Let c = -325 - -484. Calculate the remainder when c is divided by 27.
24
Let t = -50 - -97. What is the remainder when t is divided by (-14)/(-70) + (-39)/(-5)?
7
Let q(d) = -5*d - 8. Let h be q(-2). Suppose h = f - 3. What is the remainder when 7 is divided by f?
2
Let k be 6 + 4/((-4)/3). Suppose -2*u = -u - 2*x - 106, -4*u + k*x = -424. Suppose -5*r - u = -461. What is the remainder when r is divided by 24?
23
Let j = 814 + -775. What is the remainder when 144 is divided by j?
27
Suppose 0 = a + k + 4 - 9, -5*a + 45 = -5*k. What is the remainder when 340 is divided by a?
4
Let h(m) = m - 4. Suppose -16 = -5*w + 2*z, -5*z = 4*w + w + 5. Let y be h(w). Calculate the remainder when 34 is divided by -3 + 11 - -2 - y.
10
Let n be 34/51*(53 - -1). Suppose n = 3*m - 21. Calculate the remainder when 74 is divided by m.
17
Calculate the remainder when 183 is divided by 1308/36 + (-6)/(-9) + 0.
35
Let t = 13 - -47. Let d = t - 40. What is the remainder when d is divided by 12?
8
Suppose 7*o - 60 = 4*o. What is the remainder when (8856/30)/3 - 9/(-15) is divided by o?
19
Suppose 23*z - 240 = 17*z. What is the remainder when 156 is divided by z?
36
Suppose -2*c + 5*c = 210. Let f be 0 + (-2 - -6) - 2. Suppose -f*p - 3*p = -c. Calculate the remainder when 53 is divided by p.
11
Suppose 74 = 2*n + 16. What is the remainder when (-5 + (8 - 4))/((-6)/450) is divided by n?
17
Let t be 1 - 1 - (2 - 6 - -2). Suppose 0 = -h + 3*o - o + 145, -t*o - 431 = -3*h. Calculate the remainder when h is divided by 16.
15
Let s(d) = 7*d + 2. Let a be s(6). Suppose -a = -o + h, -78 - 143 = -5*o + 4*h. Calculate the remainder when o is divided by 12.
9
Suppose 14*p - 126 = -4*c + 15*p, 3*p + 90 = 3*c. Calculate the remainder when 93 is divided by c.
29
Suppose 2*x - 6 = 4*m, 0 = -4*x + 2*x - m + 26. Let h be (12/15)/((-12)/(-870)). Let g = h - x. Calculate the remainder when g is divided by 10.
7
Let b be (3/(-5))/((-9)/45). Suppose -u = -3*o + 12, -5*u + 8 = b*o - 4. What is the remainder when ((-1)/(-3))/(o/636) is divided by 28?
25
Let r = -149 + 247. Let f = -48 - -68. Calculate the remainder when r is divided by f.
18
Let p(q) = -q + 5. Suppose 3*i = 8*i + a - 11, -3*i + 5*a + 1 = 0. What is the remainder when i/3 + 408/9 is divided by p(-7)?
10
Suppose -4*w + t = -603, -4*w + 190 + 419 = -3*t. What is the remainder when w is divided by 19?
17
Suppose 3*y + 2*j - 57 = 0, -4*j + 76 = -10*y + 14*y. What is the remainder when 56 is divided by y?
18
Let d(q) = q**3 + 5*q**2 - 14*q - 53. Suppose f + 2 = -0. Calculate the remainder when 1*(0 + f) - -77 is divided by d(-4).
18
Suppose 5*r + 9*o - 1024 = 12*o, -o = -4*r + 815. Calculate the remainder when r is divided by 32.
11
Suppose 37*r = 1296 - 260. What is the remainder when 783 is divided by r?
27
Suppose -491 - 340 = -3*l. What is the remainder when l is divided by 70?
67
Suppose 0 = -57*x + 310 + 1742. Calculate the remainder when 418 is divided by x.
22
Calculate the remainder when (130/(-15) + 4)/(2/(-3)) is divided by 6.
1
Suppose -5*z 